inder when 17240 is divided by 5743.
11
What is the remainder when 29099 is divided by 195?
44
Calculate the remainder when 33075 is divided by 5485.
165
Calculate the remainder when 7729 is divided by 793.
592
Calculate the remainder when 4547 is divided by 195.
62
What is the remainder when 99215 is divided by 117?
116
What is the remainder when 5890 is divided by 137?
136
What is the remainder when 3025 is divided by 213?
43
Calculate the remainder when 5503 is divided by 45.
13
Calculate the remainder when 5580 is divided by 337.
188
What is the remainder when 23348 is divided by 14?
10
What is the remainder when 1819267 is divided by 171?
169
Calculate the remainder when 2717 is divided by 56.
29
What is the remainder when 5516 is divided by 1859?
1798
What is the remainder when 2464 is divided by 730?
274
What is the remainder when 1035137 is divided by 875?
12
What is the remainder when 73837 is divided by 355?
352
What is the remainder when 4438 is divided by 8?
6
Calculate the remainder when 560253 is divided by 20009.
1
What is the remainder when 8101 is divided by 3988?
125
What is the remainder when 7732 is divided by 3625?
482
Calculate the remainder when 93900 is divided by 9388.
20
What is the remainder when 53700 is divided by 17?
14
Calculate the remainder when 507197 is divided by 10.
7
What is the remainder when 1891 is divided by 938?
15
What is the remainder when 12581 is divided by 7?
2
Calculate the remainder when 778404 is divided by 194599.
8
What is the remainder when 20425 is divided by 945?
580
What is the remainder when 12905 is divided by 1110?
695
Calculate the remainder when 77732 is divided by 7043.
259
What is the remainder when 15230 is divided by 366?
224
What is the remainder when 70663 is divided by 35330?
3
Calculate the remainder when 65861 is divided by 76.
45
What is the remainder when 6706 is divided by 515?
11
What is the remainder when 508 is divided by 317?
191
Calculate the remainder when 216734 is divided by 52.
50
Calculate the remainder when 392362 is divided by 31.
26
What is the remainder when 98029 is divided by 2723?
1
What is the remainder when 212 is divided by 31?
26
Calculate the remainder when 32162 is divided by 19.
14
What is the remainder when 2902 is divided by 76?
14
Calculate the remainder when 18194 is divided by 4.
2
What is the remainder when 8288 is divided by 153?
26
Calculate the remainder when 45751 is divided by 28.
27
What is the remainder when 6821 is divided by 6136?
685
What is the remainder when 1037 is divided by 752?
285
Calculate the remainder when 899 is divided by 264.
107
What is the remainder when 14282 is divided by 1019?
16
What is the remainder when 2757 is divided by 269?
67
Calculate the remainder when 18526 is divided by 95.
1
Calculate the remainder when 18360274 is divided by 2274.
2272
What is the remainder when 547 is divided by 291?
256
What is the remainder when 2312 is divided by 128?
8
What is the remainder when 69009 is divided by 335?
334
Calculate the remainder when 203330 is divided by 29047.
1
What is the remainder when 1420 is divided by 783?
637
What is the remainder when 5223 is divided by 91?
36
Calculate the remainder when 849626 is divided by 1255.
1246
Calculate the remainder when 1233126 is divided by 568.
566
Calculate the remainder when 9057 is divided by 2174.
361
Calculate the remainder when 16712 is divided by 635.
202
What is the remainder when 13015 is divided by 520?
15
What is the remainder when 3757 is divided by 40?
37
Calculate the remainder when 1152 is divided by 319.
195
What is the remainder when 4544 is divided by 7?
1
What is the remainder when 16862 is divided by 62?
60
What is the remainder when 347754 is divided by 447?
435
What is the remainder when 622 is divided by 530?
92
Calculate the remainder when 2894442 is divided by 14.
12
What is the remainder when 297519 is divided by 49585?
9
Calculate the remainder when 17 is divided by 7.
3
Calculate the remainder when 7840 is divided by 1114.
42
Calculate the remainder when 47459 is divided by 50.
9
Calculate the remainder when 5427 is divided by 13.
6
Calculate the remainder when 27423 is divided by 27401.
22
What is the remainder when 61025 is divided by 20307?
104
What is the remainder when 65550 is divided by 108?
102
What is the remainder when 73201 is divided by 6100?
1
What is the remainder when 153991 is divided by 51330?
1
What is the remainder when 6484 is divided by 1973?
565
What is the remainder when 11252 is divided by 1606?
10
Calculate the remainder when 29007 is divided by 152.
127
Calculate the remainder when 38390 is divided by 85.
55
Calculate the remainder when 994 is divided by 495.
4
What is the remainder when 11121 is divided by 428?
421
What is the remainder when 55506 is divided by 114?
102
What is the remainder when 18600 is divided by 6075?
375
Calculate the remainder when 3651 is divided by 610.
601
What is the remainder when 30863 is divided by 964?
15
Calculate the remainder when 54014 is divided by 18.
14
Calculate the remainder when 5637 is divided by 225.
12
Calculate the remainder when 373003 is divided by 243.
241
What is the remainder when 237334 is divided by 1541?
20
What is the remainder when 8871 is divided by 313?
107
What is the remainder when 112653 is divided by 291?
36
Calculate the remainder when 1308992 is divided by 12.
8
What is the remainder when 33556 is divided by 2580?
16
What is the remainder when 2504 is divided by 230?
204
What is the remainder when 691313 is divided by 89?
50
What is the remainder when 102023 is divided by 78?
77
Calculate the remainder when 12726 is divided by 2118.
18
What is the remainder when 962 is divided by 127?
73
What is the remainder when 21096 is divided by 50?
46
What is the remainder when 90737 is divided by 114?
107
Calculate the remainder when 3327 is divided by 5.
2
What is the remainder when 312620 is divided by 167?
163
Calculate the remainder when 9492 is divided by 225.
42
What is the remainder when 5735 is divided by 537?
365
Calculate the remainder when 253 is divided by 131.
122
Calculate the remainder when 29154 is divided by 74.
72
Calculate the remainder when 5132 is divided by 47.
9
Calculate the remainder when 4914 is divided by 665.
259
Calculate the remainder when 42929 is divided by 810.
809
Calculate the remainder when 1200 is divided by 971.
229
What is the remainder when 21382 is divided by 7108?
58
What is the remainder when 3910 is divided by 976?
6
What is the remainder when 70695 is divided by 23?
16
What is the remainder when 661 is divided by 142?
93
Calculate the remainder when 223123 is divided by 21.
19
What is the remainder when 434601 is divided by 13?
11
What is the remainder when 931 is divided by 67?
60
Calculate the remainder when 2428 is divided by 1781.
647
What is the remainder when 1119 is divided by 376?
367
What is the remainder when 185208 is divided by 2537?
7
What is the remainder when 31139 is divided by 3887?
43
Calculate the remainder when 1667 is divided by 530.
77
Calculate the remainder when 828 is divided by 45.
18
What is the remainder when 582213 is divided by 194071?
0
Calculate the remainder when 5712 is divided by 196.
28
What is the remainder when 17546 is divided by 9?
5
Calculate the remainder when 2579254 is divided by 27.
25
Calculate the remainder when 32005 is divided by 254.
1
Calculate the remainder when 1229640 is divided by 68.
64
Calculate the remainder when 1000 is divided by 120.
40
What is the remainder when 1624 is divided by 13?
12
Calculate the remainder when 92267 is divided by 66.
65
What is the remainder when 14114 is divided by 7025?
64
What is the remainder when 61361 is divided by 142?
17
Calculate the remainder when 216 is divided by 150.
66
Calculate the remainder when 21205 is divided by 233.
2
Calculate the remainder when 70949 is divided by 15.
14
Calculate the remainder when 13134 is divided by 376.
350
Calculate the remainder when 100331 is divided by 27.
26
What is the remainder when 99809 is divided by 33261?
26
Calculate the remainder when 13541 is divided by 4513.
2
Calculate the remainder when 23641 is divided by 11797.
47
Calculate the remainder when 10486 is divided by 31.
8
Calc